994.
2, 149, 953
What are the prime factors of 70114?
2, 11, 3187
List the prime factors of 4438535.
5, 887707
List the prime factors of 477639.
3, 73, 727
List the prime factors of 645071.
7, 92153
List the prime factors of 3719886.
2, 3, 619981
List the prime factors of 1682046.
2, 3, 3461
List the prime factors of 3923755.
5, 11, 71341
What are the prime factors of 1630758?
2, 3, 191, 1423
List the prime factors of 11243928.
2, 3, 431, 1087
What are the prime factors of 3837767?
17, 225751
What are the prime factors of 677973?
3, 67, 3373
What are the prime factors of 59270?
2, 5, 5927
List the prime factors of 8231647.
31, 131, 2027
What are the prime factors of 126349?
126349
List the prime factors of 6634737.
3, 71, 3461
List the prime factors of 1523790.
2, 3, 5, 16931
What are the prime factors of 3708006?
2, 3, 17, 36353
List the prime factors of 299429.
13, 31, 743
List the prime factors of 9993050.
2, 5, 19, 67, 157
What are the prime factors of 528174?
2, 3, 9781
List the prime factors of 562140.
2, 3, 5, 347
List the prime factors of 14502937.
509, 28493
What are the prime factors of 237339?
3, 26371
List the prime factors of 694470.
2, 3, 5, 7, 3307
What are the prime factors of 604755?
3, 5, 89, 151
What are the prime factors of 4585813?
157, 29209
What are the prime factors of 8508841?
11, 70321
What are the prime factors of 1386223?
1386223
List the prime factors of 2818617.
3, 17, 3251
List the prime factors of 1949693.
463, 4211
What are the prime factors of 398052?
2, 3, 11057
List the prime factors of 492207.
3, 191, 859
List the prime factors of 867686.
2, 467, 929
List the prime factors of 9522.
2, 3, 23
What are the prime factors of 90158?
2, 61, 739
What are the prime factors of 315661?
479, 659
List the prime factors of 2339861.
2339861
What are the prime factors of 2511913?
263, 9551
What are the prime factors of 1087977?
3, 11, 32969
List the prime factors of 758983.
331, 2293
What are the prime factors of 4682271?
3, 11, 23, 31, 199
What are the prime factors of 5174150?
2, 5, 103483
What are the prime factors of 454007?
191, 2377
What are the prime factors of 630567?
3, 7, 10009
What are the prime factors of 5514616?
2, 163, 4229
List the prime factors of 5396338.
2, 41, 65809
List the prime factors of 7566435.
3, 5, 168143
List the prime factors of 26822788.
2, 6705697
What are the prime factors of 440010?
2, 3, 5, 4889
What are the prime factors of 1967888?
2, 13, 9461
List the prime factors of 12587269.
12587269
What are the prime factors of 2498109?
3, 832703
What are the prime factors of 320331?
3, 11, 17, 571
What are the prime factors of 524966?
2, 13, 61, 331
What are the prime factors of 6162183?
3, 23, 9923
List the prime factors of 39227713.
7, 71, 78929
List the prime factors of 15595957.
13, 1199689
What are the prime factors of 1532524?
2, 7, 1117
What are the prime factors of 5858555?
5, 19, 83, 743
What are the prime factors of 8332517?
131, 63607
List the prime factors of 2027542.
2, 11, 23, 4007
What are the prime factors of 43113?
3, 7, 2053
What are the prime factors of 817388?
2, 11, 13, 1429
What are the prime factors of 3597486?
2, 3, 257, 2333
What are the prime factors of 5683792?
2, 37, 9601
List the prime factors of 390202.
2, 37, 5273
List the prime factors of 2933862.
2, 3, 71, 97
What are the prime factors of 354539?
354539
What are the prime factors of 95555?
5, 29, 659
List the prime factors of 2567359.
373, 6883
What are the prime factors of 372426?
2, 3, 62071
List the prime factors of 5208616.
2, 7, 281, 331
What are the prime factors of 176406?
2, 3, 29401
What are the prime factors of 4141842?
2, 3, 227, 3041
List the prime factors of 17313336.
2, 3, 37, 67, 97
What are the prime factors of 88139?
53, 1663
What are the prime factors of 462145?
5, 17, 5437
What are the prime factors of 241562?
2, 269, 449
What are the prime factors of 287527?
19, 37, 409
What are the prime factors of 1128206?
2, 564103
What are the prime factors of 39613578?
2, 3, 43, 53, 2897
List the prime factors of 10222238.
2, 13, 109, 3607
What are the prime factors of 5870814?
2, 3, 17, 57557
What are the prime factors of 98316?
2, 3, 2731
List the prime factors of 535378.
2, 41, 6529
What are the prime factors of 117744?
2, 3, 11, 223
List the prime factors of 1940860.
2, 5, 53, 1831
List the prime factors of 430223.
109, 3947
What are the prime factors of 1471559?
179, 8221
List the prime factors of 57670.
2, 5, 73, 79
List the prime factors of 3721196.
2, 211, 4409
List the prime factors of 881537.
881537
What are the prime factors of 549195?
3, 5, 19, 41, 47
List the prime factors of 11096041.
11, 37, 137, 199
What are the prime factors of 1164535?
5, 232907
List the prime factors of 4400365.
5, 17, 51769
What are the prime factors of 2725693?
2725693
List the prime factors of 88565.
5, 17713
What are the prime factors of 9248254?
2, 23, 201049
What are the prime factors of 3482996?
2, 11, 79159
List the prime factors of 182105.
5, 7, 11, 43
What are the prime factors of 4541763?
3, 1513921
What are the prime factors of 10860891?
3, 661, 5477
List the prime factors of 1316096.
2, 53, 97
What are the prime factors of 9965337?
3, 41, 81019
List the prime factors of 278459.
278459
List the prime factors of 3434101.
11, 101, 281
List the prime factors of 323419.
323419
What are the prime factors of 27886068?
2, 3, 7, 41, 2699
What are the prime factors of 1844481?
3, 614827
List the prime factors of 735255.
3, 5, 16339
What are the prime factors of 637959?
3, 7, 17, 1787
List the prime factors of 930908.
2, 11, 21157
What are the prime factors of 1155125?
5, 9241
What are the prime factors of 196546?
2, 7, 101, 139
List the prime factors of 10337543.
29, 356467
What are the prime factors of 1688398?
2, 844199
What are the prime factors of 6340045?
5, 271, 4679
List the prime factors of 8452683.
3, 41, 22907
List the prime factors of 6656576.
2, 104009
What are the prime factors of 3147547?
13, 242119
List the prime factors of 3040604.
2, 7, 31, 113
What are the prime factors of 1261089?
3, 15569
List the prime factors of 354605.
5, 70921
List the prime factors of 993208.
2, 17, 67, 109
List the prime factors of 22099380.
2, 3, 5, 368323
What are the prime factors of 1080266?
2, 11, 49103
List the prime factors of 28703290.
2, 5, 7, 11, 37277
List the prime factors of 49841.
11, 23, 197
What are the prime factors of 2115222?
2, 3, 167, 2111
What are the prime factors of 1516394?
2, 11, 68927
List the prime factors of 307939.
307939
What are the prime factors of 10614734?
2, 13, 53, 7703
What are the prime factors of 572078?
2, 13, 22003
What are the prime factors of 15071706?
2, 3, 13, 29, 2221
List the prime factors of 23411.
41, 571
What are the prime factors of 117173?
7, 19, 881
What are the prime factors of 362876?
2, 83, 1093
List the prime factors of 2798974.
2, 241, 5807
What are the prime factors of 852950?
2, 5, 7, 2437
What are the prime factors of 85765?
5, 17, 1009
What are the prime factors of 16725235?
5, 3345047
List the prime factors of 396951.
3, 307, 431
List the prime factors of 1201841.
1201841
What are the prime factors of 2446556?
2, 7, 23, 29, 131
List the prime factors of 394990.
2, 5, 39499
List the prime factors of 699794.
2, 31, 11287
What are the prime factors of 615469?
311, 1979
What are the prime factors of 9110416?
2, 7, 81343
List the prime factors of 4797068.
2, 83, 14449
List the prime factors of 1457923.
421, 3463
List the prime factors of 9573676.
2, 7, 37, 9241
List the prime factors of 1426188.
2, 3, 157, 757
What are the prime factors of 1233014?
2, 616507
What are the prime factors of 1132682?
2, 29, 59, 331
List the prime factors of 176913.
3, 11, 1787
List the prime factors of 389578.
2, 7, 27827
List the prime factors of 183920.
2, 5, 11, 19
What are the prime factors of 994615?
5, 67, 2969
What are the prime factors of 1583314?
2, 791657
What are the prime factors of 321107?
107, 3001
List the prime factors of 26365199.
7, 23, 83, 1973
What are the prime factors of 1383829?
1383829
What are the prime factors of 302143?
302143
List the prime factors of 3050591.
3050591
List the prime factors of 1752377.
11, 17, 9371
What are the prime factors of 429428?
2, 